{"id":2177,"date":"2020-10-08T09:58:05","date_gmt":"2020-10-08T09:58:05","guid":{"rendered":"http:\/\/estiguin.com\/?page_id=2177"},"modified":"2020-10-14T13:50:56","modified_gmt":"2020-10-14T13:50:56","slug":"politica-de-privacidad","status":"publish","type":"page","link":"http:\/\/estiguin.com\/index.php\/politica-de-privacidad\/","title":{"rendered":"Pol\u00edtica de Privacidad"},"content":{"rendered":"\t\t<div data-elementor-type=\"wp-page\" data-elementor-id=\"2177\" class=\"elementor elementor-2177\" data-elementor-settings=\"[]\">\n\t\t\t\t\t\t<div class=\"elementor-inner\">\n\t\t\t\t\t\t\t<div class=\"elementor-section-wrap\">\n\t\t\t\t\t\t\t<section class=\"elementor-section elementor-top-section elementor-element elementor-element-c22fbed elementor-section-boxed elementor-section-height-default elementor-section-height-default\" data-id=\"c22fbed\" data-element_type=\"section\">\n\t\t\t\t\t\t\t<div class=\"elementor-background-overlay\"><\/div>\n\t\t\t\t\t\t\t<div class=\"elementor-container elementor-column-gap-default\">\n\t\t\t\t\t\t\t<div class=\"elementor-row\">\n\t\t\t\t\t<div class=\"elementor-column elementor-col-100 elementor-top-column elementor-element elementor-element-a83e0d8\" data-id=\"a83e0d8\" data-element_type=\"column\">\n\t\t\t<div class=\"elementor-column-wrap elementor-element-populated\">\n\t\t\t\t\t\t\t<div class=\"elementor-widget-wrap\">\n\t\t\t\t\t\t<div class=\"elementor-element elementor-element-f3ff9f7 elementor-widget elementor-widget-heading\" data-id=\"f3ff9f7\" data-element_type=\"widget\" data-widget_type=\"heading.default\">\n\t\t\t\t<div class=\"elementor-widget-container\">\n\t\t\t<h2 class=\"elementor-heading-title elementor-size-default\">Pol\u00edtica de privacidad<\/h2>\t\t<\/div>\n\t\t\t\t<\/div>\n\t\t\t\t\t\t<\/div>\n\t\t\t\t\t<\/div>\n\t\t<\/div>\n\t\t\t\t\t\t\t\t<\/div>\n\t\t\t\t\t<\/div>\n\t\t<\/section>\n\t\t\t\t<section class=\"elementor-section elementor-top-section elementor-element elementor-element-e10c366 elementor-section-boxed elementor-section-height-default elementor-section-height-default\" data-id=\"e10c366\" data-element_type=\"section\">\n\t\t\t\t\t\t<div class=\"elementor-container elementor-column-gap-default\">\n\t\t\t\t\t\t\t<div class=\"elementor-row\">\n\t\t\t\t\t<div class=\"elementor-column elementor-col-100 elementor-top-column elementor-element elementor-element-3ceacf5\" data-id=\"3ceacf5\" data-element_type=\"column\">\n\t\t\t<div class=\"elementor-column-wrap elementor-element-populated\">\n\t\t\t\t\t\t\t<div class=\"elementor-widget-wrap\">\n\t\t\t\t\t\t<div class=\"elementor-element elementor-element-b6ad145 elementor-widget elementor-widget-text-editor\" data-id=\"b6ad145\" data-element_type=\"widget\" data-widget_type=\"text-editor.default\">\n\t\t\t\t<div class=\"elementor-widget-container\">\n\t\t\t\t\t\t\t\t<div class=\"elementor-text-editor elementor-clearfix\">\n\t\t\t\t<div class=\"elementor-element elementor-element-6a1c94f5 elementor-widget elementor-widget-heading\" data-id=\"6a1c94f5\" data-element_type=\"widget\" data-widget_type=\"heading.default\"><div class=\"elementor-widget-container\">Esta Pol\u00edtica de Privacidad tiene por objeto dar a conocer el modo en que recabamos, tratamos y protegemos los datos personales que sean facilitados por medio de nuestra p\u00e1gina web o blog (en adelante Sitio Web) y decida libremente si desea que los tratemos. \u00a0<\/div><\/div><div class=\"elementor-element elementor-element-4fadfc10 elementor-widget elementor-widget-text-editor\" data-id=\"4fadfc10\" data-element_type=\"widget\" data-widget_type=\"text-editor.default\"><div class=\"elementor-widget-container\"><div class=\"elementor-text-editor elementor-clearfix\"><p class=\"western\" align=\"justify\"><b>Datos del Responsable \/ Prestador de Servicios de la Sociedad de la Informaci\u00f3n<\/b><\/p><table width=\"558\" cellspacing=\"0\" cellpadding=\"7\"><colgroup> <col width=\"124\" \/> <col width=\"404\" \/><\/colgroup><tbody><tr valign=\"top\"><td bgcolor=\"#d9d9d9\" width=\"124\"><p class=\"western\">Identidad<\/p><\/td><td width=\"404\"><p class=\"western\">CARGO CIPS LOGISITICA ESPA\u00d1OLA, S.L.<\/p><\/td><\/tr><tr valign=\"top\"><td bgcolor=\"#d9d9d9\" width=\"124\"><p class=\"western\">CIF\/NIF<\/p><\/td><td width=\"404\"><p class=\"western\">B98104714<\/p><\/td><\/tr><tr valign=\"top\"><td bgcolor=\"#d9d9d9\" width=\"124\"><p class=\"western\">Direcci\u00f3n postal<\/p><\/td><td width=\"404\"><p class=\"western\">P. I. Mas de Tous C\/ Lisboa, 15, 46185 Puebla de Vallbona, Valencia<\/p><\/td><\/tr><tr valign=\"top\"><td bgcolor=\"#d9d9d9\" width=\"124\"><p class=\"western\">Tel\u00e9fono<\/p><\/td><td width=\"404\"><p class=\"western\">963 65 14 30<\/p><\/td><\/tr><tr valign=\"top\"><td bgcolor=\"#d9d9d9\" width=\"124\"><p class=\"western\">Correo electr\u00f3nico<\/p><\/td><td width=\"404\"><p class=\"western\">info@cipslogistics.com<\/p><\/td><\/tr><\/tbody><\/table><table width=\"559\" cellspacing=\"0\" cellpadding=\"7\"><colgroup> <col width=\"125\" \/> <col width=\"404\" \/><\/colgroup><tbody><tr valign=\"top\"><td bgcolor=\"#d9d9d9\" width=\"125\"><p class=\"western\">Sitio web<\/p><\/td><td width=\"404\"><p class=\"western\">https:\/\/www.cipslogistics.es\/\/<\/p><\/td><\/tr><tr valign=\"top\"><td bgcolor=\"#d9d9d9\" width=\"125\"><p class=\"western\">Datos registrales<\/p><\/td><td width=\"404\"><p class=\"western\">Inscrita en el Registro Mercantil de Valencia, Tomo 9000, Libro 6285, Folio 157, Secci\u00f3n 8, Hoja 132778<\/p><\/td><\/tr><\/tbody><\/table><p class=\"western\" align=\"justify\"><b>Tratamiento de datos personales<\/b><\/p><p class=\"western\" align=\"justify\">Los datos personales que nos ha facilitado ser\u00e1n tratados de forma confidencial y quedar\u00e1n incorporados a la correspondiente actividad de tratamiento titularidad de nuestra entidad.<\/p><p class=\"western\" align=\"justify\">Solicitamos aquellos datos imprescindibles para atender su solicitud, facturar si realiza una compra o contrataci\u00f3n o mantener la relaci\u00f3n con su persona en caso de que lo solicite o cuando nos veamos obligados para poder prestarle los servicios y\/o atender sus compras en este sitio web.<\/p><p class=\"western\" align=\"justify\"><b>Finalidad<\/b><\/p><p class=\"western\" align=\"justify\">Sus datos personales ser\u00e1n tratados con la \u00fanica finalidad de atender sus solicitudes.<\/p><p class=\"western\" align=\"justify\">No enviamos publicidad sin el consentimiento previo del usuario.<\/p><p class=\"western\" align=\"justify\"><b>Legitimaci\u00f3n<\/b><\/p><p class=\"western\" align=\"justify\">El tratamiento de sus datos se realiza con las siguientes bases:<\/p><ul><li><p align=\"justify\">La solicitud de informaci\u00f3n, solicitud de empleo y\/o contrataci\u00f3n de nuestros servicios y\/o compra de productos.<\/p><\/li><li><p align=\"justify\">El consentimiento libre, espec\u00edfico, informado e inequ\u00edvoco, puesto que le informamos de la presente pol\u00edtica de privacidad, que tras la lectura de esta y de estar conforme, puede aceptar mediante la marcaci\u00f3n de las casillas dispuestas a tal efecto.<\/p><\/li><\/ul><p class=\"western\" align=\"justify\">En cualquier momento puede cambiar de opini\u00f3n y retirar su consentimiento.<\/p><p class=\"western\" align=\"justify\"><b>Medidas de Seguridad<\/b><\/p><p class=\"western\" align=\"justify\">Nuestra entidad ha implantado todas las medidas t\u00e9cnicas y organizativas necesarias para proteger los datos personales tratados, evitando su p\u00e9rdida, robo o uso no autorizado.<\/p><p class=\"western\" align=\"justify\">Dichas medidas son verificadas peri\u00f3dicamente en nuestros controles de cumplimiento de la normativa espec\u00edfica.<\/p><p class=\"western\" align=\"justify\"><b>Conservaci\u00f3n de datos<\/b><\/p><p class=\"western\" align=\"justify\">Los datos personales proporcionados se conservar\u00e1n durante el tiempo necesario para cumplir con la finalidad para la que se recaban y para determinar las posibles responsabilidades que se pudieran derivar de la finalidad.<\/p><p class=\"western\" align=\"justify\">En el caso de solicitudes de empleo, se conservar\u00e1n durante el plazo m\u00e1ximo de 1 a\u00f1o o hasta que el interesado nos solicite suprimir sus datos.<\/p><p class=\"western\" align=\"justify\"><b>Derechos de los interesados<\/b><\/p><p class=\"western\" align=\"justify\">Usted tiene derecho a conocer si nuestra entidad est\u00e1 tratando sus datos personales; por tanto, tiene derecho a acceder a sus datos, rectificarlos si son inexactos o solicitar su supresi\u00f3n cuando los datos ya no sean necesarios.<\/p><p class=\"western\" align=\"justify\">Tambi\u00e9n puede ejercer su derecho de limitaci\u00f3n o portabilidad si as\u00ed lo estima conveniente y para ello puede realizarlo por escrito a nuestra entidad mediante correo electr\u00f3nico a <u>info@cipslogistics.com<\/u> adjuntando copia de su DNI para identificarle.<\/p><p class=\"western\" align=\"justify\">Si desea trasladar alguna sugerencia o consulta sobre el tratamiento de sus datos, puede contactar con nuestros consultores de protecci\u00f3n de datos <u><a class=\"western\" href=\"https:\/\/www.businessadapter.es\/\">aqu\u00ed<\/a><\/u>.<\/p><p class=\"western\" align=\"justify\">Si quiere realizar una reclamaci\u00f3n por entender que sus derechos han sido vulnerados, puede hacerlo ante la Agencia Espa\u00f1ola de Protecci\u00f3n de Datos, C\/ Jorge Juan, 6, 28001 Madrid o en www.aepd.es.<\/p><p class=\"western\" align=\"justify\"><b>Elaboraci\u00f3n de perfiles<\/b><\/p><p class=\"western\" align=\"justify\">No elaboramos perfiles utilizando sus datos personales, pero en el caso de hacerlo se le informar\u00e1 y solicitar\u00e1 permiso para hacerlo.<\/p><p class=\"western\" align=\"justify\">Del mismo modo, tiene el derecho a oponerse a este tipo de tratamiento en cualquier momento.<\/p><p class=\"western\" align=\"justify\"><b>Cesi\u00f3n de datos<\/b><\/p><p class=\"western\" align=\"justify\">Sus datos personales no se ceder\u00e1n a otros pa\u00edses ni a entidades terceras salvo en los casos que exista una obligaci\u00f3n legal.<\/p><p class=\"western\" align=\"justify\">En caso de compra de productos o contrataci\u00f3n de servicios, sus datos personales podr\u00e1n ser cedidos a aquellas entidades necesarias para entregarle los productos adquiridos o prestarle nuestros servicios.<\/p><p class=\"western\" align=\"justify\">Nuestro banco conocer\u00e1 sus datos para la gesti\u00f3n del cobro de productos o servicios, as\u00ed como los encargados del tratamiento necesarios para la ejecuci\u00f3n de las contrataciones y\/o compras.<\/p><p class=\"western\" align=\"justify\">En caso de cesiones a otras entidades o a otros pa\u00edses, le informaremos y solicitaremos su consentimiento previo.<\/p><p class=\"western\"><b>\u00c1mbito de aplicaci\u00f3n<\/b><\/p><p class=\"western\" align=\"justify\">Este C\u00f3digo de Conducta ser\u00e1 de obligado cumplimiento para todos los departamentos y empleados de nuestra entidad.<\/p><p class=\"western\"><b>Objeto <\/b><\/p><p class=\"western\" align=\"justify\">Hemos establecido unos protocolos de actuaci\u00f3n para el tratamiento de datos personales, de acuerdo con lo dispuesto en la normatividad espec\u00edfica en esta materia, de manera que se garantice en todo momento la confidencialidad de estos.<\/p><p class=\"western\" align=\"justify\"><b>Principios <\/b><\/p><p class=\"western\" align=\"justify\">Licitud, Lealtad, Transparencia, Minimizaci\u00f3n de los datos, Exactitud, Limitaci\u00f3n del plazo de conservaci\u00f3n, Integridad, Confidencialidad y Responsabilidad activa.<\/p><p class=\"western\"><b>Categor\u00eda especial de datos<\/b><\/p><p class=\"western\" align=\"justify\">Se proh\u00edbe el tratamiento de datos personales que revelen el origen \u00e9tnico o racial, las opiniones, pol\u00edticas, las convicciones religiosas o filos\u00f3ficas, o la afiliaci\u00f3n sindical, y el tratamiento de datos gen\u00e9ticos, datos biom\u00e9tricos, datos relativos a la salud o datos relativos a la orientaci\u00f3n sexual de una persona f\u00edsica, salvo las excepciones autorizadas legalmente y con el consentimiento previo del interesado.<\/p><p class=\"western\" align=\"justify\"><b>Derechos de los interesados<\/b><\/p><p class=\"western\" align=\"justify\">Los interesados gozar\u00e1n de los derechos de acceso a sus datos personales, as\u00ed como a rectificarlos cuando sean inexactos, suprimirlos cuando ya no sean necesarios o no se desee su tratamiento, limitarlos a ciertos tratamientos, tener la posibilidad de recibir sus datos con facilidad y en formatos estructurados y de uso com\u00fan del responsable, as\u00ed como oponerse al tratamiento de sus datos por circunstancias particulares, as\u00ed como que \u00e9stos sean utilizados para la elaboraci\u00f3n de perfiles.<\/p><p class=\"western\" align=\"justify\"><b>Registro de Actividades y Medidas de Seguridad<\/b><\/p><p class=\"western\" align=\"justify\">Nuestra entidad llevar\u00e1 un registro de actividades de tratamiento donde se refleja la informaci\u00f3n m\u00e1s importante y de debido cumplimiento legal, relativa al responsable, el encargado, el delegado de protecci\u00f3n de datos, en su caso, los fines del tratamiento, categor\u00edas de los interesados y de datos, destinatarios, transferencias internacionales, plazos de conservaci\u00f3n, as\u00ed como todas las medidas de seguridad necesarias para salvaguardar los datos personales bajo los principios de confidencialidad y secreto, como resultado del an\u00e1lisis de la evaluaci\u00f3n de riesgos y evaluaci\u00f3n de impacto .<\/p><p class=\"western\" align=\"justify\"><b>Control <\/b><\/p><p class=\"western\" align=\"justify\">Hemos contratado los servicios de una consultora externa, para que lleve a cabo una auditor\u00eda peri\u00f3dica que eval\u00fae el cumplimiento de este compromiso y todas las obligaciones legales en esta materia.<\/p><p class=\"western\">Fdo.<\/p><p class=\"western\">Direcci\u00f3n General<\/p><\/div><\/div><\/div>\t\t\t\t\t<\/div>\n\t\t\t\t\t\t<\/div>\n\t\t\t\t<\/div>\n\t\t\t\t\t\t<\/div>\n\t\t\t\t\t<\/div>\n\t\t<\/div>\n\t\t\t\t\t\t\t\t<\/div>\n\t\t\t\t\t<\/div>\n\t\t<\/section>\n\t\t\t\t\t\t<\/div>\n\t\t\t\t\t\t<\/div>\n\t\t\t\t\t<\/div>\n\t\t","protected":false},"excerpt":{"rendered":"<p>Pol\u00edtica de privacidad Esta Pol\u00edtica de Privacidad tiene por objeto dar a conocer el modo en que recabamos, tratamos y protegemos los datos personales que sean facilitados por medio de nuestra p\u00e1gina web o blog (en adelante Sitio Web) y decida libremente si desea que los tratemos. \u00a0 Datos del Responsable \/ Prestador de Servicios &hellip;<\/p>\n<p class=\"read-more\"> <a class=\"\" href=\"http:\/\/estiguin.com\/index.php\/politica-de-privacidad\/\"> <span class=\"screen-reader-text\">Pol\u00edtica de Privacidad<\/span> Leer m\u00e1s &raquo;<\/a><\/p>\n","protected":false},"author":1,"featured_media":0,"parent":0,"menu_order":0,"comment_status":"closed","ping_status":"closed","template":"","meta":{"_monsterinsights_skip_tracking":false,"_monsterinsights_sitenote_active":false,"_monsterinsights_sitenote_note":"","_monsterinsights_sitenote_category":0},"yoast_head":"<!-- This site is optimized with the Yoast SEO plugin v19.4 - https:\/\/yoast.com\/wordpress\/plugins\/seo\/ -->\n<title>Pol\u00edtica de Privacidad - Estiguin<\/title>\n<meta name=\"robots\" content=\"index, follow, max-snippet:-1, max-image-preview:large, max-video-preview:-1\" \/>\n<link rel=\"canonical\" href=\"http:\/\/estiguin.com\/index.php\/politica-de-privacidad\/\" \/>\n<meta property=\"og:locale\" content=\"es_ES\" \/>\n<meta property=\"og:type\" content=\"article\" \/>\n<meta property=\"og:title\" content=\"Pol\u00edtica de Privacidad - Estiguin\" \/>\n<meta property=\"og:description\" content=\"Pol\u00edtica de privacidad Esta Pol\u00edtica de Privacidad tiene por objeto dar a conocer el modo en que recabamos, tratamos y protegemos los datos personales que sean facilitados por medio de nuestra p\u00e1gina web o blog (en adelante Sitio Web) y decida libremente si desea que los tratemos. \u00a0 Datos del Responsable \/ Prestador de Servicios &hellip; Pol\u00edtica de Privacidad Leer m\u00e1s &raquo;\" \/>\n<meta property=\"og:url\" content=\"http:\/\/estiguin.com\/index.php\/politica-de-privacidad\/\" \/>\n<meta property=\"og:site_name\" content=\"Estiguin\" \/>\n<meta property=\"article:modified_time\" content=\"2020-10-14T13:50:56+00:00\" \/>\n<meta name=\"twitter:card\" content=\"summary_large_image\" \/>\n<meta name=\"twitter:label1\" content=\"Tiempo de lectura\" \/>\n\t<meta name=\"twitter:data1\" content=\"5 minutos\" \/>\n<script type=\"application\/ld+json\" class=\"yoast-schema-graph\">{\"@context\":\"https:\/\/schema.org\",\"@graph\":[{\"@type\":\"WebSite\",\"@id\":\"http:\/\/estiguin.com\/#website\",\"url\":\"http:\/\/estiguin.com\/\",\"name\":\"Estiguin\",\"description\":\"Motorbikes\",\"potentialAction\":[{\"@type\":\"SearchAction\",\"target\":{\"@type\":\"EntryPoint\",\"urlTemplate\":\"http:\/\/estiguin.com\/?s={search_term_string}\"},\"query-input\":\"required name=search_term_string\"}],\"inLanguage\":\"es\"},{\"@type\":\"WebPage\",\"@id\":\"http:\/\/estiguin.com\/index.php\/politica-de-privacidad\/\",\"url\":\"http:\/\/estiguin.com\/index.php\/politica-de-privacidad\/\",\"name\":\"Pol\u00edtica de Privacidad - Estiguin\",\"isPartOf\":{\"@id\":\"http:\/\/estiguin.com\/#website\"},\"datePublished\":\"2020-10-08T09:58:05+00:00\",\"dateModified\":\"2020-10-14T13:50:56+00:00\",\"breadcrumb\":{\"@id\":\"http:\/\/estiguin.com\/index.php\/politica-de-privacidad\/#breadcrumb\"},\"inLanguage\":\"es\",\"potentialAction\":[{\"@type\":\"ReadAction\",\"target\":[\"http:\/\/estiguin.com\/index.php\/politica-de-privacidad\/\"]}]},{\"@type\":\"BreadcrumbList\",\"@id\":\"http:\/\/estiguin.com\/index.php\/politica-de-privacidad\/#breadcrumb\",\"itemListElement\":[{\"@type\":\"ListItem\",\"position\":1,\"name\":\"Home\",\"item\":\"http:\/\/estiguin.com\/\"},{\"@type\":\"ListItem\",\"position\":2,\"name\":\"Pol\u00edtica de Privacidad\"}]}]}<\/script>\n<!-- \/ Yoast SEO plugin. -->","yoast_head_json":{"title":"Pol\u00edtica de Privacidad - Estiguin","robots":{"index":"index","follow":"follow","max-snippet":"max-snippet:-1","max-image-preview":"max-image-preview:large","max-video-preview":"max-video-preview:-1"},"canonical":"http:\/\/estiguin.com\/index.php\/politica-de-privacidad\/","og_locale":"es_ES","og_type":"article","og_title":"Pol\u00edtica de Privacidad - Estiguin","og_description":"Pol\u00edtica de privacidad Esta Pol\u00edtica de Privacidad tiene por objeto dar a conocer el modo en que recabamos, tratamos y protegemos los datos personales que sean facilitados por medio de nuestra p\u00e1gina web o blog (en adelante Sitio Web) y decida libremente si desea que los tratemos. \u00a0 Datos del Responsable \/ Prestador de Servicios &hellip; Pol\u00edtica de Privacidad Leer m\u00e1s &raquo;","og_url":"http:\/\/estiguin.com\/index.php\/politica-de-privacidad\/","og_site_name":"Estiguin","article_modified_time":"2020-10-14T13:50:56+00:00","twitter_card":"summary_large_image","twitter_misc":{"Tiempo de lectura":"5 minutos"},"schema":{"@context":"https:\/\/schema.org","@graph":[{"@type":"WebSite","@id":"http:\/\/estiguin.com\/#website","url":"http:\/\/estiguin.com\/","name":"Estiguin","description":"Motorbikes","potentialAction":[{"@type":"SearchAction","target":{"@type":"EntryPoint","urlTemplate":"http:\/\/estiguin.com\/?s={search_term_string}"},"query-input":"required name=search_term_string"}],"inLanguage":"es"},{"@type":"WebPage","@id":"http:\/\/estiguin.com\/index.php\/politica-de-privacidad\/","url":"http:\/\/estiguin.com\/index.php\/politica-de-privacidad\/","name":"Pol\u00edtica de Privacidad - Estiguin","isPartOf":{"@id":"http:\/\/estiguin.com\/#website"},"datePublished":"2020-10-08T09:58:05+00:00","dateModified":"2020-10-14T13:50:56+00:00","breadcrumb":{"@id":"http:\/\/estiguin.com\/index.php\/politica-de-privacidad\/#breadcrumb"},"inLanguage":"es","potentialAction":[{"@type":"ReadAction","target":["http:\/\/estiguin.com\/index.php\/politica-de-privacidad\/"]}]},{"@type":"BreadcrumbList","@id":"http:\/\/estiguin.com\/index.php\/politica-de-privacidad\/#breadcrumb","itemListElement":[{"@type":"ListItem","position":1,"name":"Home","item":"http:\/\/estiguin.com\/"},{"@type":"ListItem","position":2,"name":"Pol\u00edtica de Privacidad"}]}]}},"_links":{"self":[{"href":"http:\/\/estiguin.com\/index.php\/wp-json\/wp\/v2\/pages\/2177"}],"collection":[{"href":"http:\/\/estiguin.com\/index.php\/wp-json\/wp\/v2\/pages"}],"about":[{"href":"http:\/\/estiguin.com\/index.php\/wp-json\/wp\/v2\/types\/page"}],"author":[{"embeddable":true,"href":"http:\/\/estiguin.com\/index.php\/wp-json\/wp\/v2\/users\/1"}],"replies":[{"embeddable":true,"href":"http:\/\/estiguin.com\/index.php\/wp-json\/wp\/v2\/comments?post=2177"}],"version-history":[{"count":10,"href":"http:\/\/estiguin.com\/index.php\/wp-json\/wp\/v2\/pages\/2177\/revisions"}],"predecessor-version":[{"id":2387,"href":"http:\/\/estiguin.com\/index.php\/wp-json\/wp\/v2\/pages\/2177\/revisions\/2387"}],"wp:attachment":[{"href":"http:\/\/estiguin.com\/index.php\/wp-json\/wp\/v2\/media?parent=2177"}],"curies":[{"name":"wp","href":"https:\/\/api.w.org\/{rel}","templated":true}]}}